Let z be 10/(-4)*(-96)/30. Let w be z/12*-3 - -81. Suppose -w - 37 = -g. What is the greatest common divisor of 29 and g?
29
Suppose -3*c + 3 = 0, -5*c - 4 = 2*g - 3. Let f be 10*(-5)/10*g. What is the greatest common factor of 135 and f?
15
Let b be (-9086)/(-126) - 5/45. What is the greatest common divisor of b and 56?
8
Suppose 1708*y + 28171 = 1719*y. Calculate the highest common factor of y and 13.
13
Let x(y) = -y**3 + 30*y**2 + 68*y - 7. Let s be x(32). Calculate the highest common factor of s and 418.
11
Let x(o) = 9*o + 284. Let g be x(14). What is the highest common factor of g and 10?
10
Let j be (-2)/4*(-23 + 1). Let g = 43 - 32. What is the highest common divisor of g and j?
11
Let n(z) = -6*z + 13. Let i be n(-9). Let t = i - 27. Let d be (14/6 + 1)*3. Calculate the highest common divisor of t and d.
10
Let m = 1155 - 1020. Calculate the greatest common factor of m and 1080.
135
Suppose 5*o = -f + 4*f + 972, o - 2*f - 193 = 0. Calculate the greatest common divisor of 15 and o.
15
Let l = 1032 - 1007. What is the greatest common divisor of l and 95?
5
Suppose 5*s - 66 = 4*a - 205, 3*a = 2*s + 106. Let g be 0 - ((-2)/(-1) + -146). What is the highest common divisor of g and a?
36
Let i = 129 + -229. Let o be (-3425)/i + (-1)/4 + 0. Let l(d) = 10*d - 3. Let w be l(2). What is the greatest common factor of w and o?
17
Let r = -26 - -24. Let q be r/(-6)*(6 + 0). Let i be (128/q)/(16 - 15). What is the highest common divisor of i and 16?
16
Let c(z) = 19*z - 4. Let d be c(5). Let x = d + -19. Suppose -24 = -5*g + 3*v + 22, v = 3*g - 26. Calculate the highest common factor of g and x.
8
Suppose 4*h + h - 360 = 0. Let v(f) = 4*f**2 - 6*f - 19. Let w be v(-4). Let c = w - 61. Calculate the highest common factor of h and c.
8
Let f = 323 + -239. Calculate the highest common factor of 12 and f.
12
Let q be ((-6)/(-9))/(-7 - 2397/(-342)). What is the highest common factor of 57 and q?
19
Suppose d + 4*c + 103 = 4*d, -3*d + 117 = 3*c. Let n(i) = 81*i + 16. Let b be n(3). What is the highest common factor of b and d?
37
Suppose -235*o + 224*o = -8580. What is the highest common factor of 10 and o?
10
Let i = 1664 - 1599. Calculate the greatest common divisor of i and 39.
13
Suppose 0 = 6*w - w + t - 164, -w + 44 = 3*t. What is the greatest common factor of w and 8?
8
Let t = -15 + 31. Suppose 2*b - 2 - t = 0. Suppose -3*l + 5*l - 162 = 0. Calculate the highest common divisor of l and b.
9
Suppose -91 - 85 = -2*h - 3*v, -418 = -5*h - 2*v. What is the greatest common divisor of h and 246?
82
Let h = -27 + 123. What is the greatest common divisor of h and 18?
6
Let c = -626 + 776. What is the highest common factor of c and 10?
10
Suppose 0 = 4*d + k - 306, 11*d - 3*k + 302 = 15*d. Calculate the highest common factor of 55 and d.
11
Suppose 4*g + 5*m = 27, -9 = -2*g + m + 8. What is the greatest common factor of g and 1208?
8
Let b be 2 - -1 - (-48)/40*-25. Let s be b/(-3)*((-24)/27)/(-4). What is the highest common factor of s and 66?
2
Let z be 170/595 + (-556)/(-14). Let b(r) = r + 3. Let d be b(7). Calculate the highest common divisor of d and z.
10
Suppose 0 = 13*z - 16*z + 39. Suppose -z*u + 17*u = 352. What is the highest common divisor of u and 8?
8
Let b be 9/(-3) + (0/2 - -18). Calculate the highest common factor of 105 and b.
15
Let n be 5 + -3 + (1 - -2). Suppose 8 = 2*v + 2*v. Calculate the greatest common factor of v and n.
1
Suppose 72 = -31*j + 35*j. Calculate the greatest common factor of j and 12.
6
Suppose -5*h - 2*c + 42 = -c, -9 = 3*c. What is the greatest common divisor of h and 42?
3
Suppose 4*k = -36*k + 1440. Calculate the greatest common factor of k and 156.
12
Let h be (-274)/(-6) + (-6)/9. Let v be 180/16*(-8)/(-3). Calculate the greatest common divisor of h and v.
15
Suppose m - 3*m - 5*n = -4, -3*m + 31 = -5*n. Let j be 240/(-440) - 195/(-55). Calculate the highest common divisor of m and j.
1
Suppose -4*d - 24 = -120. Suppose -h = h - d. Suppose -4*y + 12 = -36. What is the highest common divisor of y and h?
12
Let i(w) = w**3 + 5*w**2 - 4*w + 14. Let a be i(-6). Suppose -5*q - a*m + 30 = 0, 0 = 4*q - q - 5*m + 13. What is the highest common divisor of q and 8?
4
Suppose -s = 2*h - 4*s - 259, 2*s - 126 = -h. Suppose -5*y - 3*y + h = 0. What is the greatest common divisor of y and 80?
16
Let w(a) = 13*a**2 - 22*a - 10. Let b be w(8). What is the greatest common factor of b and 34?
34
Let a(t) = -22*t - 11. Let m be a(-4). What is the highest common factor of m and 11?
11
Suppose 0 = -x + 2*x - 22. Let f(y) = -13*y**3 + 131*y**2 + 5*y - 84. Let b be f(10). Calculate the highest common factor of x and b.
22
Let d = -302 + 427. Let i = -98 + d. Calculate the highest common factor of i and 3.
3
Suppose 4*d = -t - d + 27, 5*d = -4*t + 153. Suppose -2*r + 22 - 168 = 0. Let o = t - r. Calculate the highest common factor of 23 and o.
23
Let o(j) = -60*j**3 + j**2 - 4*j - 5. Let u be o(-1). Calculate the highest common divisor of u and 980.
20
Suppose 0 = -4*w - 108 + 724. Let v be (-10 + 8)/((20/(-210))/((-2)/(-3))). What is the greatest common factor of w and v?
14
Let f(l) = l**3 - 6*l**2 + 17. Let o be f(7). What is the greatest common divisor of 176 and o?
22
Let o(r) be the third derivative of -r**4/12 + r**3/3 + 23*r**2. Let d be o(-6). Calculate the highest common divisor of 14 and d.
14
Suppose -3*q + 0*r = -3*r - 105, 0 = -4*q + 3*r + 145. Calculate the highest common divisor of q and 520.
40
Let p be (-4 + 46/8)*4. Let k(r) = 2*r - 10. Let g be k(p). What is the highest common factor of 20 and g?
4
Let h(j) = -j**2 + 24*j - 35. Let w be h(22). What is the highest common factor of w and 252?
9
Let p = -14 + 38. Suppose -3*j + 435 = 2*m, -2*m + 1 = -j - 430. What is the highest common factor of p and m?
24
Let a be 3/(-15) + (-54)/(-45). Suppose 0 = -c + a - 0. What is the greatest common divisor of 8 and c?
1
Let b(f) = 32*f - 14. Let r be b(-2). Let u be ((-2)/13 + (-987)/r)*6. Calculate the highest common divisor of 5 and u.
5
Let w = -8 + 16. Let a(g) = -33*g + 16. Let y be a(-5). Let r = -93 + y. Calculate the highest common factor of w and r.
8
Suppose 0 = 5*y - 10, 4*y = 5*s + 3*y - 493. Let u(a) = -2*a + 23. Let h be u(7). Calculate the highest common factor of h and s.
9
Suppose -5*s = -0*s - 445. Let u be s/6 + 3/18. Calculate the highest common factor of 105 and u.
15
Let a be 3 - (4/(-4) - -3). What is the highest common divisor of 19 and a?
1
Let b(u) = -38*u. Let q(h) = -h + 1. Let o(i) = -b(i) + 4*q(i). Let t be o(2). Suppose -2*z = -6*z + t. Calculate the highest common factor of 2 and z.
2
Suppose 1480 = 3*j + 2*t, 1720 + 248 = 4*j + 4*t. What is the highest common factor of 16 and j?
16
Let w = 483 - 465. Suppose -2*g + 0*g = -354. Suppose -42 + g = 3*d. What is the highest common factor of d and w?
9
Let f(w) = -w**2 + 14*w + 604. Let t be f(-17). Suppose 2 = u - 9. What is the highest common divisor of u and t?
11
Let s = -91 + 130. Let g = s + -23. Suppose 5*c - g = r + 78, 21 = c + 2*r. What is the greatest common divisor of c and 209?
19
Let r = 1907 + -1823. What is the greatest common divisor of 112 and r?
28
Suppose 0 = -2*y + 2*c + 32, 40 = 4*y - 2*y - 6*c. Calculate the highest common factor of y and 511.
7
Let q = -250 + 274. What is the greatest common divisor of 108 and q?
12
Suppose 15*f + 4 - 424 = 0. Calculate the highest common factor of f and 504.
28
Suppose -24*t + 293 = -91. Suppose -8 + 52 = 4*g. Let k = 19 - g. Calculate the greatest common divisor of t and k.
8
Suppose -12*s + 298 = -494. Calculate the highest common divisor of s and 24.
6
Let o(k) = -2*k + 6. Let t be o(-5). Suppose 0 = 3*w + t - 52. Calculate the greatest common divisor of w and 30.
6
Suppose 11*r - 327 - 2038 = 0. What is the greatest common factor of r and 86?
43
Let q be ((-78)/5)/(2/(-10)). Suppose 8 + 18 = 2*j. Calculate the highest common divisor of q and j.
13
Suppose 0 + 6 = -m + 4*n, -5*n = -5*m + 15. What is the greatest common factor of 27 and m?
3
Suppose 4*x = -r - 5, -2 = 5*x + 2*r + 8. Suppose 6*y - 5*y - 32 = x. Calculate the greatest common factor of y and 4.
4
Let z = -5 - -10. Let g(l) = -l**2 - 88*l - 564. Let d be g(-7). What is the highest common factor of z and d?
1
Let g(a) = a**3